 291 = 5*f - 5*w, -4*w - 16 = 0. Let m = f + -33. Calculate the remainder when 55 is divided by m.
11
Let w = 14 - -6. Let c = w + -3. What is the remainder when (10/3)/(-5)*-99 is divided by c?
15
Suppose -433*s + u - 10 = -434*s, 5*s = -4*u + 48. Calculate the remainder when 565 is divided by s.
5
Let r = 6008 - 5992. Let z = 237 + -147. What is the remainder when z is divided by r?
10
Calculate the remainder when 2/((1/(-89))/(-1)) is divided by 3/33 + (-26)/((-5720)/4820).
2
Suppose -506*d - 11629 = -511*d + 2*r, 4*r = 2*d - 4626. Calculate the remainder when d is divided by 23.
6
Let v = 5966 - 5806. Calculate the remainder when 398 is divided by v.
78
What is the remainder when 3051 is divided by (((-2)/10)/((-46)/(-230)))/((-3)/18)?
3
Let l(k) = -2*k + 120. Let u be l(-24). Let s = -134 + u. What is the remainder when s is divided by 5?
4
Let r be (-20)/(3/(12/(-8))). Suppose 2 = 4*q + r. What is the remainder when 55 is divided by (0 - q)/((-2)/(-8))?
7
Suppose -41*i + 27098 + 16649 = 0. Calculate the remainder when i is divided by 178.
177
Let x(w) = w**3 + 9*w**2 + 21*w + 10. Let n be x(-5). Suppose -3*j + 4 + 6 = 2*g, -n*j - 2*g = -22. Calculate the remainder when 66 is divided by j.
0
What is the remainder when (-105)/(8 - 15) - -1240 is divided by 66?
1
Let b(f) = 670*f**2 - 213*f + 211. Calculate the remainder when b(1) is divided by 34.
22
Suppose -s + 2*u = -3, 2*s - 3*u + 4 = -4*u. Let k be -1 + 2 - (5 - (s - -1)). Let p = 15 + k. Calculate the remainder when 21 is divided by p.
10
Let p = 40 + 96. Let d = -107 + p. Calculate the remainder when d is divided by 6.
5
Suppose 3*q + 0*q = 360. Let k = -759 - -736. Let h = q + k. Calculate the remainder when h is divided by 20.
17
Calculate the remainder when 20/(-8)*(-398 - -12) is divided by 191.
10
Let x(n) = -5326 + 5348 - 3*n + 2*n. What is the remainder when x(0) is divided by 18?
4
Suppose 866 - 1592 = -22*m. Calculate the remainder when 297 is divided by m.
0
Suppose -5*w + 935 = 4*u, -5*u = 3*w - 4*u - 568. Let n = 1533 + -1520. Calculate the remainder when w is divided by n.
9
Suppose 0*z - 4*z + 368 = 0. Let c be 22/7 - 4/56*2. Calculate the remainder when z is divided by -2 - 0 - (5 - (c - -35)).
30
Let w = -51 + 55. Suppose c + h = -h - 6, w*h = -5*c. Suppose -c*n - 48 = -4*o, 5*o + 6*n = n + 30. What is the remainder when 26 is divided by o?
8
Suppose -46*l = 115*l - 795148 - 220923. What is the remainder when l is divided by 14?
11
Let n be (2/(10/(-35)))/(2 - 3). Let u(x) = -2*x**2 + 11*x + 27. What is the remainder when 15 is divided by u(n)?
3
Let h(z) = -24*z - 2 + 5 + 25*z + 5. Suppose 7 = -8*t + 479. Calculate the remainder when t is divided by h(7).
14
Let b be (1121 - 1) + 5/(20/8). Suppose -b = 6*j - 28*j. Calculate the remainder when 509 is divided by j.
50
Let m = -117454 + 117633. Suppose -h + 103 = n + 40, -2 = -h. Calculate the remainder when m is divided by n.
57
Let c = 479 - 450. Suppose l + 869 = 4*l - 2*f, 3*l + 4*f - 863 = 0. What is the remainder when l is divided by c?
28
Suppose -2*k + 110 + 98 = 0. Calculate the remainder when 177 is divided by k.
73
Suppose -q + 161 = -8*q. What is the remainder when (q - 49)*(-3)/2 is divided by 37?
34
Let y(h) = -h + 11. Let l be y(6). Suppose 5*s + p - 420 = 0, 3*p + 168 = 58*s - 56*s. Suppose o - s = -l*o. What is the remainder when o is divided by 6?
2
Suppose -98*g = -3910 + 1068. Calculate the remainder when 4435 is divided by g.
27
Suppose 0 = -4*q + 2*b + 1802, -22*b + 24*b + 2254 = 5*q. Calculate the remainder when q is divided by 231.
221
Calculate the remainder when (-26508)/(-12)*(0 + 1)/(-18 + 19) is divided by 26.
25
Suppose 3*c - 3*k = 762, 9*k = 6*k. Suppose -5*m - 25 = 0, -2*m - 72 = -4*o + c. What is the remainder when o is divided by 23?
10
Suppose 2*g = -5*h + 47, 4*g + 32 = 3*h + h. Let l(z) = -z**2 - 20*z - 85. What is the remainder when h is divided by l(-7)?
3
Let t be (4/40*-4)/(6/(-60)). What is the remainder when 71 is divided by (t - (-42)/3) + -3?
11
Let i = 91 - 36. What is the remainder when i is divided by 1235/26*(-8)/(-10)?
17
Suppose 0 = 5*s - 0*s - 130. Suppose 2*r - 18 = 8*r. What is the remainder when (r/(-9))/(1/297) is divided by s?
21
Let k = 44 + -52. Suppose 58 = 4*x - 2. Calculate the remainder when ((-82)/(-4))/(k/(-16)) is divided by x.
11
Calculate the remainder when 310 is divided by 55/(4/(-7 + 11)) + -3.
50
Let v(w) = 17*w**2 - w - 19. Calculate the remainder when 282 is divided by v(-3).
8
Let g = -41695 + 41977. What is the remainder when g is divided by 27?
12
Let z = -94 + 487. Suppose -14*h - z + 2003 = 0. Calculate the remainder when h is divided by 29.
28
Let q be (-8)/80*-15*24/9. What is the remainder when 457 + -1*-3*q/(-6) is divided by 76?
75
Suppose -35*r - 1676 = -18742 - 3759. Calculate the remainder when r is divided by 291.
13
Let d(p) = -p**3 - 2*p**2 + 5*p + 8. Let u be d(-5). Suppose -4*t = 4*a + 18 - u, -3*t - 5*a = -36. What is the remainder when t is divided by -1*((2 - 8) + 1)?
2
Suppose 7*j - 72 = 54. Let l(p) = 4*p**3 + 28*p**2 + 2*p + 47. Calculate the remainder when l(-7) is divided by j.
15
Suppose 120*k + 1975 = 29815. What is the remainder when k is divided by 40?
32
Let o = -69 + 140. Suppose -15*l - 12*l = 68*l - 47120. What is the remainder when l is divided by o?
70
Let t(r) = r**3 + 25*r**2 + 121*r - 20. Suppose -p = -5*n + 82, -5*n - 4*p = -p - 94. What is the remainder when t(-8) is divided by n?
15
Let o = 28833 - 28797. Calculate the remainder when 85 is divided by o.
13
Let j(n) = -20*n + 202. Let x be j(10). Suppose -v + h + 3*h = -144, -2*v + 248 = x*h. What is the remainder when v is divided by 22?
18
Suppose 12*i = -29 + 65. Suppose i*f + 3444 = 15*f. What is the remainder when f is divided by 29?
26
Let h(w) = -53*w - 78. Let i be -3*(0 + 1 + 1). Calculate the remainder when h(i) is divided by 27.
24
What is the remainder when 2/4*7160/20 is divided by 64?
51
Let q(w) = -w**3 + 21*w**2 - 19*w - 15. Let s be q(20). Let c(p) = -2*p + 18. Calculate the remainder when 13 is divided by c(s).
5
Let v(l) = l**3 - 5*l**2 + 10*l - 1. Let c be v(4). What is the remainder when (0 - 1)/(c/(-4531)) is divided by 38?
7
Suppose -197 - 155 = -4*u. Suppose -33*h - 9991 = -11179. What is the remainder when u is divided by h?
16
Suppose -2*p - 65 = -s, -p = 14*s - 10*s - 296. Calculate the remainder when (153/102)/(1 - s/74) is divided by 23.
19
Let k = -160 + 236. Suppose -k = -2*z - 2*z + j, -4*j = -5*z + 95. Calculate the remainder when 31 is divided by z.
12
Calculate the remainder when (46860 + 69)*(-2)/(-33) - 14/77 is divided by 944.
12
Let i = 75 + -28. Let l = 129 + -93. Suppose 37*b = l*b + 10. What is the remainder when i is divided by b?
7
Suppose l = 0, -58*l + 28 = 2*u - 55*l. What is the remainder when 808 is divided by u?
10
Let b = 20 - 14. Calculate the remainder when (-4)/b*(-207)/6 is divided by 0 + (-24)/14*(-385)/110.
5
Let r = -25617 + 25755. Let j be 4/(-8)*(1 - 1). Suppose j*v + 94 = 2*v. Calculate the remainder when r is divided by v.
44
Let f(m) = -15*m - 193. Let x be (-12 - -9)/(4/52). What is the remainder when f(x) is divided by 103?
83
What is the remainder when (-7)/(-21) - (-140464)/24 is divided by 58?
53
Suppose 11*z - 1018 - 744 = -145. Calculate the remainder when z is divided by 55.
37
Suppose -4*o - 1 + 5 = -2*k, 5*k - 4*o - 2 = 0. Let p(c) = 5*c - 73. Let i be p(20). Suppose k*l = 5*l - i. Calculate the remainder when 34 is divided by l.
7
Let j be (7/63 - 12228/(-27)) + -5. Let p = j - 439. Suppose u + 4 = 3*u. What is the remainder when p is divided by u?
1
Let t(j) = j**3 - 26*j**2 + 68*j + 43. Calculate the remainder when 1098 is divided by t(23).
18
Suppose -4*q - 23 = -5*l, 3*q = -3*l + 2 + 1. Suppose -l*o + 0*w + w + 74 = 0, -2*o - 2*w + 52 = 0. What is the remainder when 48 is divided by o?
23
Let f = 12915 - 12858. Calculate the remainder when 959 is divided by f.
47
Suppose 5*m = -4*g - 87 + 230, -20 = -g + 4*m. Suppose -4*z - 2 - 114 = 0. Let f = g + z. Calculate the remainder when 5 is divided by f.
2
Let w(j) = 695*j + 5606. What is the remainder when 2942 is divided by w(-8)?
44
Suppose 738*k - 831*k + 157356 = 0. What is the remainder when k is divided by 280?
12
Let s(b) 